d) = d**2 + 35*d - 249. Let n be b(-34). Let o = n - -307. Calculate the remainder when 42 is divided by o.
18
Suppose -3*v + 416 + 118 = -3*z, -2*v - 3*z = -366. Suppose -22*a - v = -20*a. Let d = -74 - a. What is the remainder when 62 is divided by d?
14
Suppose -19*i + 49 + 27 = 0. Suppose 3*w - 4*w = n - 43, -i*n = 5*w - 170. What is the remainder when 312 is divided by n?
42
Suppose -35*a - 544 = -39*a. Suppose 0 = 129*z - a*z + 532. Calculate the remainder when 301 is divided by z.
73
Let b = 35080 - 26265. What is the remainder when b is divided by 42?
37
Let g = 47 + -23. Calculate the remainder when (-780)/55*(-132)/18 is divided by g.
8
Let h(f) = 33*f + 614. What is the remainder when h(-5) is divided by 85?
24
Suppose -2*g + 402 = 4*g. Suppose s + 1734 = 2*w + 3*s, -3*s = -w + 871. Calculate the remainder when w is divided by g.
64
What is the remainder when 155*-6*5/(-75)*(-530)/(-20) is divided by 22?
15
Let c = -3181 + 5922. Calculate the remainder when c is divided by 6.
5
Suppose -5*v - 10 = 0, 6*u - 2*u = -3*v + 498. Calculate the remainder when 1064 is divided by 194/3*u/84 - 0.
94
What is the remainder when -1*(-6)/4*(-180)/(-5) is divided by (-150 + 148)/(2/(-11))?
10
Let b(d) = -19*d**3 + 87*d**2 + 6*d - 5. What is the remainder when b(3) is divided by 52?
23
Let c(f) = 21*f**2 - 7*f + 3. Calculate the remainder when 285 is divided by c(-2).
83
Suppose -4 = -k + 2*o, -4*k + 5*o + 28 = 9. What is the remainder when 83 is divided by ((-9)/6)/(k/8) + 19?
15
Let n = -344 - -686. What is the remainder when n is divided by 58?
52
Suppose 22*t - 23*t + 585 = 2*m, 0 = 3*m - 24. Calculate the remainder when t is divided by 179.
32
Let f(p) = 65*p**2 + p - 47. Let s be f(9). Suppose -31*d + s = 794. Calculate the remainder when d is divided by 36.
35
Let q be (-306)/(-6) + 2 + -8. Suppose 3*y - 4*w = 35, -12*y + 16*y - 5*w - q = 0. Calculate the remainder when 23 is divided by y.
3
Suppose -3*m = 286 - 808. Suppose -c + 11 = 9*t, -c + 4*t + 43 = 32. What is the remainder when m is divided by c?
9
Let c(o) = -o**2 + 2*o + 2610. What is the remainder when c(51) is divided by 1/(-4) + 162/8?
11
Let z(a) = -a**3 - 2*a**2 + 7*a + 8. Let j be z(-4). Let r be 93 - (0 + j/(-4)*1). Let u = r + -9. Calculate the remainder when u is divided by 45.
42
Let w be (3 - 3/(-9))*78/65. Suppose -4*o - 5*j = -65, -3*o + w*j - 60 = -7*o. What is the remainder when 397 is divided by o?
7
What is the remainder when 1118 is divided by 15/(-9 + (-3045)/(-330))?
62
Suppose 2*h - 3*h + 5*m - 17 = 0, h + 5*m = 23. Suppose -h*p = -6*p + 279. Calculate the remainder when p is divided by 96/(12/4) - (-56)/21*-3.
21
What is the remainder when 227 is divided by 2/(-20) - (-15483)/130?
108
Let r = 3285 - 3245. What is the remainder when r is divided by 8?
0
Suppose -59 = -f - 0*f. Let c(x) = 3*x**3 + 5*x**2 - 8*x + 3. Suppose q - 2*h = 0, -5*q = 2*h - h - 11. Calculate the remainder when f is divided by c(q).
28
Let v(i) = -4*i - 624*i**3 + 5*i - 1 + 625*i**3 - 7*i**2. Let h = -79 - -101. What is the remainder when h is divided by v(7)?
4
Suppose 5*g + 2*b - 305 = 0, 7*g + 16*b - 389 = 17*b. Let p = -9 + 15. Calculate the remainder when g is divided by p.
3
Suppose -2*m - 2*x - 210 = 0, -5*x + 3*x = 4*m + 418. Calculate the remainder when 56 is divided by (-99 - m)/(1/6 + 0).
26
Suppose 0 = -g + b + 62 + 53, 521 = 5*g + 4*b. What is the remainder when 1386 is divided by g?
78
Suppose -2*z + 4*y = -16, -2 = 5*z - 3*y - 21. Suppose z*k = 5*k + 1242. Calculate the remainder when 67 is divided by k/36*-2*1.
21
Suppose -3*z - 224 = -5*l, -4*l + 178 = -3*z + z. Calculate the remainder when 1159 is divided by l.
41
Let o be (0 - (-1 + -2))/(-6 - -7). Suppose 0 = -j + o*v + 210, -3*v = -3*j - 8*v + 602. Calculate the remainder when j is divided by 23.
20
Suppose -1086 = -116*i + 15038. Calculate the remainder when i is divided by 44.
7
Suppose -i + 589 = -4*d - 349, 470 = -2*d + i. Let f = d + 263. What is the remainder when 114 is divided by f?
27
Let j(w) = -w**2 - 11*w - 8. Let c = 1935 - 1746. What is the remainder when c is divided by j(-9)?
9
Let m = 156 - 154. Suppose h - c = -1, 4*c - 6 = -m*h + 4. What is the remainder when 1 is divided by h?
0
Let n = -27128 + 27361. Calculate the remainder when n is divided by 41.
28
Let c(u) = -518*u + 4689. Calculate the remainder when 4183 is divided by c(9).
25
Suppose 7*g = 4*g - 9, -g = -4*u + 51. Suppose u*j = 278 + 658. Calculate the remainder when j is divided by 26.
0
Calculate the remainder when 36/(-14)*7084/(-276) is divided by 24.
18
Let p = -17 + 27. Let k = -6 + p. Suppose k*d - d - 69 = 0. Calculate the remainder when d is divided by 12.
11
Let n be 0/(12/15*5 - 2). Suppose 3*t + v - 47 = n, 2*t = 7*t + 2*v - 80. Suppose -2*a = -0*a - 6. What is the remainder when t is divided by a?
2
Suppose 191 = 3*m + 2*u, -2*u + 190 + 62 = 4*m. Let h(r) = 31*r + m*r + 8*r - 3. Calculate the remainder when h(1) is divided by 7.
6
Let a be 4/(-2 - 0)*3. Let r(o) = 248*o**2 - 1729*o + 14. Calculate the remainder when r(7) is divided by ((-108)/(-45))/(a/(-80)).
31
Suppose -4*v + 3*c - 120 = 0, 3*v - 3*c = -2*c - 90. Let r = 35 + v. Suppose 0 = -5*w + 3*o + 81, -o + 2 + 19 = w. What is the remainder when w is divided by r?
3
Let j(i) = 15*i**3 + 183*i**2 + 21*i - 47. Calculate the remainder when 387 is divided by j(-12).
121
Calculate the remainder when ((-27)/6*(-20)/45)/((-2)/(-181)) is divided by 0 - 0/1 - -14.
13
Suppose 5*d = 3*s + 54, 51 = 4*d - 5*s - 0. Let k be (-5 + (2 - -2) - 3) + d. Let c(f) = 6*f - 13. Calculate the remainder when 82 is divided by c(k).
14
What is the remainder when ((-232)/(-87))/(72/49545) is divided by 261?
8
Let h = 292 + 91. Suppose 912 = 32*v - 13*v. What is the remainder when h is divided by v?
47
Suppose 75840 = 420*w - 24120. What is the remainder when 1900 is divided by w?
234
Let a(z) = -23*z. Let o = 64 - 40. Suppose u = -2*h - 3*u + o, 2*h - 18 = -2*u. What is the remainder when a(-1) is divided by h?
5
What is the remainder when (-23 + (23 - -43))*21 is divided by 286?
45
Suppose 7 + 1 = 2*t. Suppose 159 = t*c - 285. Suppose 0 = 20*b + 40*b - 1380. Calculate the remainder when c is divided by b.
19
Let j = -14445 + 15583. What is the remainder when j is divided by 28?
18
Let t(h) = h**2 - 26*h + 153. Let f be t(6). Calculate the remainder when 21 is divided by 7/(f/22 + 3/(-9)).
3
Let j(c) = 13*c + 24. Let b be j(22). Let u = -267 + b. Calculate the remainder when 95 is divided by u.
9
What is the remainder when 175 is divided by -12*19/(-456)*(-292)/(-2)?
29
Let i(n) = n**2 - 4*n - 8. Let u(b) = -b**3 - 5*b**2 + 10*b - 9. Let l = -36 - -28. What is the remainder when u(l) is divided by i(-6)?
51
Let p be 546/208 - 3/(-8). Suppose -4*r = -p*k + 2186, -5*r = k - 189 - 546. Calculate the remainder when k is divided by 43.
42
Suppose 35*k - 1279 - 907 = 264. Calculate the remainder when k is divided by 49.
21
Let y = 9292 + -9171. What is the remainder when 2293 is divided by y?
115
Let s = 22 + 151. Suppose -71 = 6*b - s. Calculate the remainder when 43 is divided by b.
9
Let v = 1072 + -643. Suppose 0 = -426*q + v*q - 78. Let p(u) = -20*u - 5. Calculate the remainder when p(-4) is divided by q.
23
Suppose -7*f - 5 = -54. Suppose 0 = f*q + 282 - 1822. What is the remainder when q is divided by 32?
28
Let h = -3475 + 3910. What is the remainder when h is divided by 3?
0
Suppose 6*u - 1404 + 354 = 0. Suppose -5*n + u = 2*y, 57 = 2*y + 2*n - 103. What is the remainder when y is divided by 26?
23
Let d = -8141 + 8663. Calculate the remainder when d is divided by 172.
6
Suppose 3*t = 4*t + 5*t. Suppose 4 = 2*g - t. What is the remainder when 86 is divided by 15*8/12 + (-4)/g?
6
Suppose -18867 + 7323 = -23*s + 20150. Calculate the remainder when s is divided by 671.
36
Calculate the remainder when ((-28)/2)/(242/(-10527)) - (-1 + -4) is divided by 5.
4
Suppose 155 = 3*c + 5*d - 42, -3*c = -2*d - 190. Suppose c = y - 5. Calculate the remainder when y is divided by 9.
6
Let i(o) = 12*o**2 - o**3 + 4 - 17*o**2 - 2*o + 2. Suppose 2*u = -5*f + 8*f - 149, -u + 128 = 3*f. What is the remainder when f is divided by i(-5)?
13
Let h = -2101 - -2341. Calculate the remainder when h is divided by 118.
